 363634 is divided by 6733.
52
What is the remainder when 3392643 is divided by 12248?
12195
Calculate the remainder when 151452 is divided by 151404.
48
What is the remainder when 455339 is divided by 26784?
11
What is the remainder when 23732 is divided by 2033?
1369
What is the remainder when 2604483893 is divided by 1246?
1243
Calculate the remainder when 10052 is divided by 8881.
1171
Calculate the remainder when 750210 is divided by 393.
366
Calculate the remainder when 418293116 is divided by 672.
668
What is the remainder when 4540052 is divided by 334?
324
What is the remainder when 3784864 is divided by 5438?
16
Calculate the remainder when 109863 is divided by 34853.
5304
What is the remainder when 12803919 is divided by 533496?
15
Calculate the remainder when 4346288 is divided by 134.
132
Calculate the remainder when 202719 is divided by 1458.
57
What is the remainder when 42971170 is divided by 3069369?
4
Calculate the remainder when 27148470 is divided by 187.
184
What is the remainder when 165289 is divided by 165177?
112
What is the remainder when 1005324 is divided by 83716?
732
Calculate the remainder when 28178938 is divided by 3314.
3310
Calculate the remainder when 2256129 is divided by 129.
48
What is the remainder when 2317307 is divided by 7?
6
Calculate the remainder when 57813102 is divided by 19.
16
What is the remainder when 13028347 is divided by 96?
91
Calculate the remainder when 9424764 is divided by 1311.
1296
What is the remainder when 72976 is divided by 23873?
1357
What is the remainder when 404289 is divided by 1394?
29
What is the remainder when 12553444 is divided by 14?
8
What is the remainder when 126121058 is divided by 20?
18
Calculate the remainder when 1133604 is divided by 241.
181
Calculate the remainder when 392258 is divided by 97637.
1710
Calculate the remainder when 105195 is divided by 17502.
183
What is the remainder when 3064288 is divided by 766059?
52
What is the remainder when 5814541 is divided by 8?
5
What is the remainder when 1826742 is divided by 6261?
4791
Calculate the remainder when 88080685 is divided by 339.
10
Calculate the remainder when 32129128 is divided by 263.
259
Calculate the remainder when 39094269 is divided by 4439.
4435
What is the remainder when 18592 is divided by 673?
421
Calculate the remainder when 7435188 is divided by 2478383.
39
Calculate the remainder when 180927 is divided by 18082.
107
Calculate the remainder when 5937240 is divided by 29.
12
Calculate the remainder when 2417815 is divided by 1134.
127
Calculate the remainder when 94036 is divided by 718.
696
Calculate the remainder when 222433 is divided by 2317.
1
What is the remainder when 15782829 is divided by 112?
13
What is the remainder when 496621 is divided by 248306?
9
What is the remainder when 139287601 is divided by 1289700?
1
What is the remainder when 825311 is divided by 117?
110
What is the remainder when 107978 is divided by 17822?
1046
What is the remainder when 1203928 is divided by 1203920?
8
Calculate the remainder when 5034320 is divided by 36.
8
Calculate the remainder when 144923 is divided by 2300.
23
Calculate the remainder when 84263 is divided by 41126.
2011
What is the remainder when 3741 is divided by 2505?
1236
What is the remainder when 2535461 is divided by 90552?
5
What is the remainder when 4163402 is divided by 435?
17
What is the remainder when 773092 is divided by 1?
0
Calculate the remainder when 5164514 is divided by 1291119.
38
Calculate the remainder when 20296 is divided by 9253.
1790
What is the remainder when 38099320 is divided by 3?
1
What is the remainder when 163328169 is divided by 293?
7
What is the remainder when 212367 is divided by 53090?
7
What is the remainder when 28879162 is divided by 2123?
2116
Calculate the remainder when 20848 is divided by 5147.
260
Calculate the remainder when 20759399 is divided by 20759388.
11
What is the remainder when 18151 is divided by 9073?
5
What is the remainder when 38938678 is divided by 24?
22
Calculate the remainder when 25452698 is divided by 3636098.
12
What is the remainder when 2028212 is divided by 36?
8
Calculate the remainder when 6005157 is divided by 707.
606
What is the remainder when 2424942 is divided by 808287?
81
Calculate the remainder when 975120 is divided by 108144.
1824
What is the remainder when 88119 is divided by 28752?
1863
What is the remainder when 1428568490 is divided by 476189493?
11
Calculate the remainder when 278041 is divided by 607.
35
Calculate the remainder when 56876283 is divided by 448.
443
Calculate the remainder when 14209 is divided by 4700.
109
Calculate the remainder when 331034269 is divided by 30094024.
5
Calculate the remainder when 606133 is divided by 85.
83
What is the remainder when 2569550 is divided by 3023?
0
Calculate the remainder when 285978 is divided by 347.
50
Calculate the remainder when 117871 is divided by 435.
421
What is the remainder when 12181383 is divided by 73?
19
Calculate the remainder when 159205 is divided by 53026.
127
Calculate the remainder when 706198 is divided by 703885.
2313
Calculate the remainder when 19592159 is divided by 281.
277
What is the remainder when 7403779 is divided by 890?
759
What is the remainder when 90309 is divided by 88528?
1781
Calculate the remainder when 26778 is divided by 8326.
1800
What is the remainder when 303639 is divided by 15151?
619
Calculate the remainder when 1238506 is divided by 309604.
90
What is the remainder when 382660 is divided by 265?
0
Calculate the remainder when 112171 is divided by 17281.
8485
Calculate the remainder when 359827228 is divided by 930.
928
Calculate the remainder when 66463 is divided by 1782.
529
What is the remainder when 369701976 is divided by 2063?
2061
Calculate the remainder when 165039 is divided by 5457.
1329
What is the remainder when 7721887 is divided by 1930460?
47
Calculate the remainder when 226697 is divided by 217.
149
What is the remainder when 23203464 is divided by 703134?
42
Calculate the remainder when 241542541 is divided by 43.
17
Calculate the remainder when 4686 is divided by 26.
6
Calculate the remainder when 483223371 is divided by 2837.
2835
What is the remainder when 6523746 is divided by 31?
13
What is the remainder when 768766 is divided by 64053?
130
What is the remainder when 602993704 is divided by 102?
100
Calculate the remainder when 37079570 is divided by 1421.
1417
Calculate the remainder when 698515 is divided by 1085.
860
Calculate the remainder when 14057 is divided by 1058.
303
What is the remainder when 1988207 is divided by 58476?
23
Calculate the remainder when 3028 is divided by 2332.
696
Calculate the remainder when 7274 is divided by 804.
38
Calculate the remainder when 4378239 is divided by 5759.
1399
Calculate the remainder when 20978713 is divided by 34.
33
What is the remainder when 62060622 is divided by 368?
366
Calculate the remainder when 452509 is divided by 9.
7
What is the remainder when 49498 is divided by 242?
130
Calculate the remainder when 650624 is divided by 46.
0
Calculate the remainder when 2253325 is divided by 375554.
1
Calculate the remainder when 125232339 is divided by 4460.
4459
What is the remainder when 249341 is divided by 6393?
14
Calculate the remainder when 18749323 is divided by 49.
12
Calculate the remainder when 1910609 is divided by 32383.
12
What is the remainder when 200546 is divided by 33420?
26
What is the remainder when 1880396 is divided by 43730?
6
What is the remainder when 43407964 is divided by 2567?
2561
Calculate the remainder when 8173707 is divided by 525.
507
Calculate the remainder when 29901 is divided by 829.
57
Calculate the remainder when 45799068 is divided by 669.
666
What is the remainder when 4546137 is divided by 1422?
3
Calculate the remainder when 607915 is divided by 2203.
2090
What is the remainder when 134946 is divided by 1809?
1080
What is the remainder when 125335 is divided by 871?
782
What is the remainder when 64492735 is divided by 2276?
2275
What is the remainder when 2427394 is divided by 2427387?
7
What is the remainder when 7873226 is divided by 3936608?
10
What is the remainder when 273004 is divided by 54558?
214
What is the remainder w